4/(-6))*(-225 - -222).
2, 5, 17
Let k = 6 - 28. Let i = k + 24. Suppose 0*u = -i*u + 8. List the prime factors of u.
2
Suppose 2*v = 0, -6*f + f = 2*v. Let r(t) = -4 + 3*t - t**2 + 8*t + f*t**2. What are the prime factors of r(7)?
2, 3
Let y(o) = -o**2 - o - 1. Let x(s) = -85*s**2 - 6*s - 5. Let w(r) = -x(r) + 6*y(r). Let h be w(-1). Suppose -a = -4*a + h. List the prime factors of a.
2, 13
Let m(v) = -2*v**2 - 8*v - 7. Let h be m(-7). Let p = 13 - h. List the prime factors of p.
2, 31
Suppose 0 = y - 44 - 45. Suppose -4 = 5*a - 4*u + y, -4*a + 2*u - 72 = 0. Let g = a + 59. List the prime factors of g.
2, 3, 7
Let r be (3 - 1)/(7 + -9). Let j be -10 + 13 - (r - 0). Suppose -2*z + 3*t = -3*z + 36, 214 = j*z - 2*t. What are the prime factors of z?
3, 17
Let b = 1403 - 1042. List the prime factors of b.
19
Suppose -7*b + 4*b = -255. List the prime factors of b + -1 + (-8)/(-8).
5, 17
Let f be ((3 - 3)/(-5))/(-5 + 4). Suppose 3*b - 4*b + 3 = 0. Suppose r + b*r - 44 = f. What are the prime factors of r?
11
Suppose -3*j = -5*j + 2. Suppose -8*a + 7*a = -j. List the prime factors of (a + -2)/(6/(-132)).
2, 11
Suppose -2556 = 364*o - 370*o. What are the prime factors of o?
2, 3, 71
Suppose 0 = i - 517 - 610. What are the prime factors of i?
7, 23
Let h(a) = -5*a**2 - 9*a + 8. Let t be h(-6). Let s be -2 + (6 - 4) - t. Suppose 4*b + r - s = 0, -2*b + 5*b - 86 = -2*r. List the prime factors of b.
2, 3, 5
Let y(n) = -3*n**3 + 149*n**2 - 30*n - 90. What are the prime factors of y(49)?
2, 1621
Suppose 0 = 3*m - 2*q - 516, -516 = -m - 2*m - 4*q. Let h = m + -76. List the prime factors of h.
2, 3
Let z(a) = -4*a**2 + 19*a - 31. Let y(s) = s**2. Let f(j) = 3*y(j) + z(j). What are the prime factors of f(14)?
3, 13
Let x(b) = b**2 + 4*b + 4. Let p be x(-4). Let u be -7*2/(-49) - (-1913)/(-7). List the prime factors of u/(-12) - (-1)/p.
23
Let b(i) = 25*i**2 - i - 10. Let w(c) = 3*c - 33. Let j be w(10). List the prime factors of b(j).
2, 109
Suppose 44316 = 12*b - 0*b. List the prime factors of b.
3, 1231
List the prime factors of 4 + (42 - (-48)/6).
2, 3
Let s(z) = -23*z + 471. What are the prime factors of s(0)?
3, 157
Let y(r) = -r**3 + 20*r**2 - 31*r + 19. What are the prime factors of y(12)?
17, 47
Suppose 6*f - 325 = 185. Suppose -2*m - 3*m + 461 = -2*c, -m - 2*c = -f. What are the prime factors of m?
7, 13
Let i = -242 + 4020. List the prime factors of i.
2, 1889
Suppose 2*u = 4*u - 16. Suppose -2*k + 9 + 25 = 3*x, u = x - k. What are the prime factors of x?
2, 5
Suppose k - 15 = 4*q - 2*q, -5*q + 8 = 4*k. Let c(u) = -u + 7. Let m be c(k). List the prime factors of -1 + 0 - m - -3.
2
Suppose 7*p = p + 1932. Suppose -1 = z, 3*y - p = y + 4*z. Suppose 3*a = 6*a - y. List the prime factors of a.
53
Let m(v) = -v**2 - 11*v + 4. Let p be m(-10). Let b = p - 12. Suppose -b*x + 2 = -3*c, -3*x + 32 = 5*c + 10. What are the prime factors of x?
2
Let j = -1 - 4. Let w(b) = b**2 + 5*b. Let y be w(j). Suppose 0 = -f + 4, 4*f - 152 = -4*h - y*f. List the prime factors of h.
2, 17
Let d(b) = -22*b - 1. Let s be d(-1). Let i = 38 + s. Suppose 5*m - 3*c - 74 = i, -2*c - 2 = 0. List the prime factors of m.
2, 13
Suppose 0 = 3*w - v - 22, w - 18 = 5*v + 8. Suppose w*r + 10 = 142. Suppose 0 = -24*p + r*p + 6. What are the prime factors of p?
3
Let l(y) = -5*y. Let v be l(-8). Let a = v + -95. List the prime factors of (-12)/(-18) + a/(-3).
19
Suppose -647 = -2*u - 3*a + 289, 5*u + 5*a = 2335. List the prime factors of u.
3, 5, 31
Suppose 21 = -2*c + 159. Let a = c + -49. List the prime factors of a.
2, 5
Let j(z) = -20*z**3 + 3*z**2 + 6*z + 1. List the prime factors of j(-3).
2, 5, 11
Suppose 4*q - 597 - 1307 = 0. What are the prime factors of q?
2, 7, 17
Let c = 5491 - 2920. List the prime factors of c.
3, 857
Suppose 3*r = -5*o - 4309, -2*o + 4294 = -7*o + 2*r. Let k = -560 - o. List the prime factors of k.
2, 3, 5
Let z(k) = k**2 + 70. Let p be (9/(-3) - -3)/1. Let i be z(p). What are the prime factors of (1 + 0)/(2/i)?
5, 7
Suppose -4 = -j + 3*p, -2*j - 2*j = 2*p + 54. Let l(w) = -w**2 - 33*w - 9. What are the prime factors of l(j)?
233
Let g(p) = 2*p + 8. Let x be g(6). Let s = -165 + 141. Let l = x - s. List the prime factors of l.
2, 11
Suppose -5*p = -3*o - 116, 0*o - 76 = -3*p + 5*o. Suppose 0*k = -k + 32. Let r = k - p. What are the prime factors of r?
2, 5
Let z(t) = 37*t**2 - 20*t + 20. List the prime factors of z(11).
7, 13, 47
Suppose 3 = -2*h - b, 3*b + 3 = -4*h + 2*b. Suppose h = t - 1 + 3. What are the prime factors of (-6 - -5)/(t/82)?
41
Let c = -626 + 1383. List the prime factors of c.
757
Suppose 120*j - 4*w = 119*j + 961, 3*w + 962 = j. What are the prime factors of j?
5, 193
Suppose 39 = i - 5*d + 17, -4*i + d + 31 = 0. Let z(g) = -11*g - i + 1 - g + 3. What are the prime factors of z(-3)?
3, 11
Suppose -4*p + 2*l + 52 = 0, -3*l + 4*l - 26 = -2*p. Suppose 5*m - 5*v = -30, 4*m = 3*v - 11 - 9. Let f = p + m. List the prime factors of f.
11
Let r = -4902 + 9116. What are the prime factors of r?
2, 7, 43
Let o be 6/(-21) - 1392/28. List the prime factors of (o - 1)/((-12)/12).
3, 17
Suppose -n = n - 2044. Let d be 1/2 + n/(-28). What are the prime factors of (-1)/(d/(-37) + -1)?
37
Suppose -x = -1133 + 169. List the prime factors of x.
2, 241
Suppose 3*d + 1402 = 5*d + 5*s, 1402 = 2*d + 2*s. What are the prime factors of d?
701
Let f(b) = 40*b**3 - 7*b**2 + 9*b - 10. List the prime factors of f(2).
2, 3, 5
Let n(k) = -k + 2 + 15*k - 1 + 13*k. List the prime factors of n(1).
2, 7
Suppose -12*f + 1600 = -11348. List the prime factors of f.
13, 83
Let d(y) = 2 - 23*y - 26*y + 45*y + 79*y**2. List the prime factors of d(1).
7, 11
Suppose 0 = 686*p - 690*p + 13224. What are the prime factors of p?
2, 3, 19, 29
Let s(a) = 38*a + 24. Let i be s(6). Suppose -3*x + i = -x + 2*m, 2*m = 2*x - 252. What are the prime factors of x?
2, 3, 7
What are the prime factors of -15*1024/16*(-4)/10?
2, 3
Suppose -5*m = -m. Suppose -4*z + f - 1 = -2, m = -3*z - 2*f - 2. Suppose z = -2*j + 5*j - 6. What are the prime factors of j?
2
Let g be (-84 - 2)*(1 - 2). Suppose -16*m = -6*m - 700. Suppose 5*q + 3*s - g = 0, -6*s + 4*s + m = 4*q. List the prime factors of q.
19
Suppose -24*c + 26*c = 24. Let m(r) = r**3 - 11*r**2 - 13*r + 17. What are the prime factors of m(c)?
5
Let s = 4782 - 2482. List the prime factors of s.
2, 5, 23
Let h be (-40)/(-18) - (-2)/(-9). Suppose -n + s = 3, -4*s = -4*n + s - 14. What are the prime factors of (30/(-12))/(n/h)?
5
Suppose -2*z = 3*z - 4*o - 221, 0 = 5*z + 4*o - 229. What are the prime factors of z?
3, 5
Suppose -2*l + 11 - 1 = 0. Suppose l*u - 1 = -11, -3*u = -2*y + 62. What are the prime factors of y?
2, 7
Let a(k) = 7*k + 7. Let p be a(-1). Suppose p = 12*b - 5*b - 385. List the prime factors of b.
5, 11
Let c(h) = -h - 5. Let o be c(-5). Suppose 0 = 6*n - 16 + 4. Suppose o = -n*j + 50 + 66. List the prime factors of j.
2, 29
Let n = 1292 - 692. What are the prime factors of n?
2, 3, 5
Let c(v) = -v**3 + 21*v**2 + 26*v - 43. List the prime factors of c(22).
3, 5
Let x(d) be the second derivative of d**3/2 - 29*d**2/2 - 5*d. Let l(i) = -i**2 + 8*i - 3. Let t be l(5). List the prime factors of x(t).
7
Suppose 7 + 253 = 5*z. Let h = 10 + -39. Let s = z + h. List the prime factors of s.
23
Suppose 5*y = 6*y. Suppose o + y - 1 = -4*d, 0 = -5*o - 3*d + 22. Suppose 0*b = o*b - 230. List the prime factors of b.
2, 23
Let z = -284 - -866. What are the prime factors of z?
2, 3, 97
Let g be 6*(-3)/63 - (-72)/7. Suppose 198 = g*x - 2. What are the prime factors of x?
2, 5
Let k = -28 + 28. Suppose k = -2*y, 4*c - 4*y - 160 = -0*c. What are the prime factors of c?
2, 5
Suppose x - 4*o = -2*x + 35, 2*x = 2*o + 20. Suppose -97 = -s + b - 27, 4*s - 235 = -x*b. List the prime factors of s.
5, 13
Let n = 1372 - -216. List the prime factors of n.
2, 397
Suppose n - 468 = 5*i, 0 = 3*n + n - 3*i - 1957. List the prime factors of n.
17, 29
Let t = 2552 - 190. What are the prime factors of t?
2, 1181
Let b(g) = 4*g + 77. Let q = 167 + -154. What are the prime factors of b(q)?
3, 43
Let p = 413 - 21. Suppose -12*a = -268 - p. List the prime factors of a.
5, 11
What are the prime factors of 14167/5 - 28/(-350)*-5?
2833
Suppose -9*g + 583 = -1622. Let y = -1 + 